ide 26931?
False
Is 13395 a multiple of 95?
True
Is 254 a multiple of 10?
False
Is 13811 a multiple of 2?
False
Is 1656 a multiple of 3?
True
Is 434 a multiple of 14?
True
Is 19297 a multiple of 56?
False
Does 64 divide 13696?
True
Is 22 a factor of 4774?
True
Is 62 a factor of 7145?
False
Is 48 a factor of 19395?
False
Is 8531 a multiple of 46?
False
Is 8471 a multiple of 43?
True
Is 521 a multiple of 18?
False
Is 4627 a multiple of 54?
False
Is 40 a factor of 38948?
False
Is 1452 a multiple of 132?
True
Does 29 divide 14036?
True
Does 68 divide 1335?
False
Is 10703 a multiple of 27?
False
Does 5 divide 205?
True
Is 12 a factor of 8220?
True
Is 2048 a multiple of 26?
False
Is 2431 a multiple of 8?
False
Is 54 a factor of 11610?
True
Is 34 a factor of 7072?
True
Is 91 a factor of 364?
True
Is 4377 a multiple of 11?
False
Is 386 a multiple of 24?
False
Is 34 a factor of 4110?
False
Is 12 a factor of 2448?
True
Is 7409 a multiple of 31?
True
Is 2040 a multiple of 5?
True
Is 118 a factor of 8485?
False
Does 6 divide 66?
True
Is 8 a factor of 3248?
True
Is 18 a factor of 234?
True
Is 972 a multiple of 27?
True
Is 6072 a multiple of 12?
True
Is 2200 a multiple of 22?
True
Is 30380 a multiple of 140?
True
Is 35 a factor of 170?
False
Does 12 divide 2608?
False
Does 23 divide 391?
True
Does 8 divide 1480?
True
Is 92 a factor of 456?
False
Does 31 divide 36356?
False
Is 925 a multiple of 37?
True
Does 3 divide 72?
True
Does 139 divide 12007?
False
Does 7 divide 12446?
True
Is 1723 a multiple of 19?
False
Does 24 divide 3480?
True
Is 12 a factor of 5508?
True
Does 28 divide 127?
False
Is 27 a factor of 4193?
False
Is 288 a multiple of 24?
True
Is 2 a factor of 495?
False
Is 8372 a multiple of 161?
True
Is 16120 a multiple of 20?
True
Is 61 a factor of 1196?
False
Does 26 divide 6448?
True
Is 3465 a multiple of 9?
True
Is 444 a multiple of 6?
True
Is 3678 a multiple of 14?
False
Does 26 divide 782?
False
Is 27 a factor of 162?
True
Is 88 a multiple of 25?
False
Is 15 a factor of 47160?
True
Does 59 divide 9735?
True
Is 37 a factor of 4345?
False
Does 5 divide 57?
False
Is 6700 a multiple of 67?
True
Is 7 a factor of 210?
True
Is 14 a factor of 1882?
False
Is 1280 a multiple of 32?
True
Does 17 divide 14502?
False
Is 46 a factor of 21666?
True
Is 56 a factor of 2352?
True
Is 3718 a multiple of 22?
True
Is 47875 a multiple of 33?
False
Is 17 a factor of 1751?
True
Is 12061 a multiple of 30?
False
Is 10304 a multiple of 28?
True
Does 28 divide 6832?
True
Is 1830 a multiple of 13?
False
Does 42 divide 14025?
False
Is 832 a multiple of 21?
False
Is 4 a factor of 1460?
True
Is 24609 a multiple of 6?
False
Is 9 a factor of 13121?
False
Is 21 even?
False
Is 44 a factor of 727?
False
Does 72 divide 1728?
True
Is 34 a factor of 993?
False
Is 165 a factor of 7119?
False
Is 12 a factor of 3072?
True
Is 47 a factor of 1692?
True
Is 3 a factor of 824?
False
Does 63 divide 1197?
True
Does 67 divide 2831?
False
Is 7768 a multiple of 55?
False
Is 14730 a multiple of 23?
False
Does 68 divide 340?
True
Does 15 divide 5400?
True
Is 1628 a multiple of 22?
True
Does 8 divide 90232?
True
Is 95 a factor of 7980?
True
Does 94 divide 1066?
False
Is 520 a multiple of 13?
True
Is 3 a factor of 21?
True
Does 15 divide 585?
True
Does 31 divide 2194?
False
Does 45 divide 1335?
False
Is 24 a factor of 61026?
False
Is 38 a factor of 1148?
False
Is 170 a multiple of 34?
True
Is 99 a factor of 693?
True
Is 20 a factor of 1168?
False
Is 5772 a multiple of 26?
True
Is 609 a multiple of 29?
True
Does 2 divide 31?
False
Is 20 a factor of 3620?
True
Does 13 divide 5333?
False
Does 44 divide 352?
True
Does 11 divide 3773?
True
Is 6045 a multiple of 15?
True
Is 1187 a multiple of 15?
False
Is 79 a factor of 11692?
True
Is 434 a multiple of 31?
True
Is 39 a factor of 1599?
True
Does 45 divide 103545?
True
Does 92 divide 2852?
True
Does 58 divide 580?
True
Is 8 a factor of 1128?
True
Is 24 a factor of 3504?
True
Is 17 a factor of 663?
True
Is 17 a factor of 46294?
False
Does 26 divide 821?
False
Is 6 a factor of 4182?
True
Does 26 divide 13318?
False
Does 9 divide 216?
True
Is 120 a factor of 50280?
True
Does 85 divide 56440?
True
Is 37 a factor of 5957?
True
Does 14 divide 2331?
False
Is 23919 a multiple of 51?
True
Is 15 a factor of 30?
True
Is 34 a factor of 71870?
False
Is 29304 a multiple of 24?
True
Does 174 divide 5570?
False
Is 11163 a multiple of 11?
False
Does 57 divide 184?
False
Is 423 a multiple of 47?
True
Does 48 divide 864?
True
Is 33 a factor of 1594?
False
Does 7 divide 554?
False
Does 29 divide 13804?
True
Is 16914 a multiple of 16?
False
Is 39 a factor of 2808?
True
Is 11 a factor of 2728?
True
Does 65 divide 3623?
False
Is 41 a factor of 793?
False
Does 12 divide 6204?
True
Is 14 a factor of 280?
True
Does 233 divide 24465?
True
Is 866 a multiple of 13?
False
Is 39 a factor of 405?
False
Does 13 divide 17498?
True
Does 12 divide 432?
True
Is 20 a factor of 3173?
False
Is 59 a factor of 2897?
False
Is 4100 a multiple of 10?
True
Does 107 divide 5564?
True
Is 3 a factor of 421?
False
Is 42 a factor of 756?
True
Does 5 divide 290?
True
Does 7 divide 329?
True
Is 91147 a multiple of 38?
False
Is 25 a multiple of 5?
True
Does 20 divide 16200?
True
Is 1920 a multiple of 12?
True
Does 19 divide 459?
False
Is 193 a multiple of 3?
False
Is 26 a factor of 4212?
True
Does 65 divide 912?
False
Is 1990 a multiple of 63?
False
Does 19 divide 28983?
False
Is 3232 a multiple of 32?
True
Is 106845 a multiple of 81?
False
Is 24 a factor of 3720?
True
Is 954 a multiple of 3?
True
Is 15504 a multiple of 13?
False
Is 35315 a multiple of 5?
True
Is 290 a factor of 5077?
False
Does 37 divide 1385?
False
Is 139 a factor of 26502?
False
Is 196 a multiple of 22?
False
Does 13 divide 691?
False
Does 28 divide 751?
False
Does 170 divide 52765?
False
Does 57 divide 2850?
True
Is 32 a factor of 1369?
False
Does 7 divide 847?
True
Is 2936 a multiple of 3?
False
Is 113 a factor of 32695?
False
Is 4 a factor of 167?
False
Does 45 divide 1440?
True
Does 7 divide 743?
False
Is 336 a multiple of 48?
True
Is 3947 a multiple of 36?
False
Is 1112 a multiple of 47?
False
Is 2860 a multiple of 44?
True
Is 2 a factor of 507?
False
Is 5 a factor of 396?
False
Does 5 divide 53?
False
Does 12 divide 191?
False
Is 176 a factor of 880?
True
Is 359 a multiple of 16?
False
Is 812 a multiple of 10?
False
Is 4 a factor of 401?
False
Does 20 divide 17560?
True
Is 33 a factor of 10395?
True
Is 6020 a multiple of 6?
False
Is 23 a factor of 989?
True
Is 108193 a multiple of 172?
False
Is 52 a factor of 616?
False
Is 15561 a multiple of 57?
True
Does 11 divide 88?
True
Is 2321 a multiple of 11?
True
Does 25 divide 1825?
True
Is 8685 a multiple of 106?
False
Is 10300 a multiple of 5?
True
Is 124 a factor of 2255?
False
Is 444 a multiple of 37?
True
Is 775 a multiple of 41?
False
Does 11 divide 1520?
False
Is 2561 a multiple of 25?
False
Is 53417 a multiple of 18?
False
Is 101 a factor of 3434?
True
Is 14 a factor of 1385?
False
Is 1775 a multiple of 25?
True
Is 305 a multiple of 9?
False
Does 10 divide 390?
True
Does 3 divide 878?
False
Does 16 divide 752?
True
Does 170 divide 26690?
True
Is 223 a factor of 24921?
False
Is 1760 a multiple of 32?
True
Is 1690 a multiple of 5?
True
Is 13476 a multiple of 31?
False
Is 20 a factor of 249?
False
Does 22 divide 5918?
True
Is 51828 a multiple of 28?
True
Is 1368 a multiple of 18?
True
Is 359 a multiple of 5?
False
Is 76 a factor of 24168?
True
Is 4 a factor of 2237?
False
Does 32 divide 3136?
True
Is 5 a factor of 133?
False
Is 57 a factor of 1596?
True
Is 256 a multiple of 4?
True
Is 1232 a multiple of 37?
False
Is 13 a factor of 2553?
False
Is 432 a multiple of 48?
True
Does 64 divide 483?
False
Is 29 a factor of 15845?
False
Is 12 a factor of 1680?
True
Is 2885 a multiple of 13?
False
Is 5356 a multiple of 206?
True
Is 2990 a multiple of 23?
True
Does 16 divide 432?
True
Does 12 divide 9253?
False
Does 22 divide 6229?
False
Does 95 divide 4202?
False
Is 1795 a multiple of 17?
False
Is 113 a factor of 365?
False
Is 10 a factor of 1300?
True
Is 408 a multiple of 23?
False
Is 27 a factor of 189?
True
Is 121536 a multiple of 64?
True
Is 24 a factor of 360?
True
Is 105 even?
False
Is 1